3, -5*q - 42 + 75 = 2*v. Let l(k) = 7*k + 3. Let x be l(-3). Let s be (-11358)/(-81) + 4/x. What is the highest common divisor of s and v?
14
Let f = 21777 - 4881. Let n be f/77 + (-1)/(21/(-12)). What is the highest common factor of n and 44?
44
Let x be (2 - 4/(-6))*30/(-8). Let a be (-6 + (-46)/x)*(-3 - 2). Calculate the highest common divisor of 301 and a.
7
Let z be -2 + 1 + 8 + -5 + 35966/7. Calculate the highest common factor of 20 and z.
20
Suppose 5*w = -4*r + 114, 34*r - 13*w - 27 = 29*r. Suppose -5*h + 5*x + 185 = 0, 2*x - 153 = -5*h - x. Calculate the greatest common factor of r and h.
3
Let d(s) = s**3 - 16*s**2 - 18*s + 17. Let u be d(17). Let a be (u/1 - 1)*-71. Let c = a + -31. What is the greatest common divisor of c and 10?
10
Let r = 8168 + -2843. Calculate the highest common factor of r and 150.
75
Let d(t) = 2*t**2 - 5*t - 12. Let z be d(-4). Let s be z/180 + 6782/18. What is the highest common divisor of s and 29?
29
Let c(n) = n**2 - 10*n - 7. Let k be c(15). Suppose -40 - 130 = -m. What is the highest common factor of k and m?
34
Suppose -11*k + 6*k = 2*o - 109, 2 = 2*k. Suppose 40*w - o*w + 612 = 0. What is the greatest common divisor of 340 and w?
17
Let a be (-6)/7 - 768500/(-406). What is the greatest common factor of a and 33?
11
Let g be (1/(-3))/((-1)/117). Suppose -14*r = -11*r - 597. Suppose 0 = 5*l + 2*u + u - 207, -u + r = 5*l. What is the highest common factor of g and l?
39
Let g be 0 - (10*8)/(-4). Let v be 696/18 - (-96)/72. What is the highest common factor of v and g?
20
Let l = 15 + 26. Suppose -l*p + 42*p - 25 = 0. Suppose 0 = -29*o + p*o + 16. Calculate the highest common factor of o and 4.
4
Let g(p) = -4*p + 154. Let i(q) = 33*q - 1077. Let a(b) = -30*g(b) - 4*i(b). Let y be a(-28). What is the greatest common factor of y and 96?
24
Suppose -v - 4*t = -5*v + 16, 4*t = -5*v + 2. Let x = -24 - 1. Let g = -18 - x. Calculate the highest common divisor of v and g.
1
Suppose 161 = 5*q + 18*q. Suppose 109 = q*f - 52. Calculate the highest common factor of 299 and f.
23
Suppose 0 = 5*d + 35, 40*d - 38*d = -3*i + 17068. Calculate the greatest common divisor of i and 195.
39
Suppose 5*t = p - 16, 3*t + 4*p + 4 = 6*p. Let w be (9/15 + -3)*(-11 + t). Suppose 4*r + 0*r - 72 = 0. Calculate the greatest common divisor of w and r.
18
Let i be -2 + 0 - (-264 - -1). Suppose 5*k + 5*a = 480, -4*k + k = -4*a - 288. Let p be 116*(-6)/k*-4. Calculate the highest common factor of p and i.
29
Let h(w) = -3*w + 11. Let l be h(5). Let k be 2/l*(-14 - (-2 + -4)). Let i be -1 - (-64)/4 - (3 - k). Calculate the highest common divisor of i and 24.
8
Suppose 0 = -4*p + 809 + 231. Let s(n) = 2*n**2 - 111*n + 285. Let k be s(53). What is the highest common factor of k and p?
20
Let b(a) = 6*a**2 - 2*a - 100. Let p be b(16). Suppose -p - 829 = -29*i. What is the highest common divisor of 7 and i?
7
Let q(o) = -o**3 + 7*o**2 - 105*o + 774. Let t be q(7). What is the greatest common divisor of t and 897?
39
Suppose -57*p + 585 = x - 55*p, -5*p = -5*x + 3060. Calculate the highest common divisor of 1139 and x.
67
Let w be 1 + 3 + (4491 - (25 + -7)). What is the greatest common factor of 185 and w?
37
Let t be 1 + -3 - (0 - (-1 + -18)). Let b be 3636/t + -3 + (-2)/(-14). Let l be (b/(-32))/((-1)/(-2)). Calculate the greatest common factor of 11 and l.
11
Suppose -210 = 2*p - 2*f + 36, 5*f = -2*p - 260. Let i = -112 - p. Suppose 0*t = -t + 65. What is the greatest common factor of t and i?
13
Let a(p) = 128*p + 4028. Let c be a(0). Calculate the greatest common divisor of c and 53.
53
Suppose -70*j - 168 = -84*j. What is the greatest common factor of j and 1626?
6
Let s = -6540 - -6578. What is the highest common factor of s and 50?
2
Let i = -1163 - -3787. What is the greatest common factor of 41 and i?
41
Let y = -67 - -98. Suppose -5*b - 4*z = -4217, b + 584 - 1429 = -z. Calculate the highest common divisor of y and b.
31
Suppose -3*v + 492 = 3*v. Suppose 2*p = 228 - v. Let h = 121 - p. What is the highest common divisor of 32 and h?
16
Let z = -189 + 95. Let s = -71 - z. What is the highest common divisor of 46 and s?
23
Suppose -89 = 2*t - 5*v, 3*t + 79 = -2*v - 26. Let r = t + 47. Suppose 8*y + 90 = 9*y. Calculate the greatest common divisor of r and y.
10
Let l be ((-204)/(-340) + 867/5)/((-6)/(-148)). Calculate the greatest common divisor of 116 and l.
116
Suppose 856 = 60*c - 644. Suppose 2*f - 210 = -5*b, 0 = 4*f - 5*b - 344 - 46. Calculate the highest common divisor of c and f.
25
Let u be 240/8*24/2. Let o be (24/(-20))/(7/(-21) - 66/(-225)). What is the highest common factor of o and u?
30
Suppose 2*q = 6*q + 2*w - 15566, -q = 4*w - 3895. Suppose 17*d + q = 16012. Calculate the greatest common factor of d and 31.
31
Let g(r) = -4*r**3 - 2*r**2 - 6*r - 7. Let i be g(-5). Suppose 975 = 26*c - 143. What is the greatest common divisor of c and i?
43
Suppose 115*j + 100 = 116*j - 5*g, -g = -5*j + 284. What is the greatest common factor of 440 and j?
55
Let m(d) = d + 18. Let u be m(-9). Suppose -18*j + u = -21*j. Let o be 18/j + 35 - (1 + -2). What is the greatest common divisor of 12 and o?
6
Suppose -3*r - 29*m + 25*m - 191 = 0, -5*m + 89 = -2*r. Let q = -50 - -142. Let t = r + q. Calculate the greatest common factor of 280 and t.
35
Suppose 3*k = -49 - 32. Let s = -20 - k. Suppose 9*a - s*a = 160. What is the greatest common divisor of a and 120?
40
Let y = 602 + -583. What is the highest common divisor of y and 8227?
19
Suppose -4*b = -5*c - 7752, 5*b + 428*c - 430*c = 9690. What is the greatest common divisor of b and 34?
34
Suppose -255*v + 560 = -247*v. Suppose 3*p - g = 1998, -4*p + 0*g + 4*g + 2672 = 0. Calculate the greatest common divisor of p and v.
35
Let f be 8/(-10)*(0 - 10). Let i(g) = g**2 + 18*g + 43. Let q be i(-15). Let u be (1 - 5) + 14/q + 12. Calculate the highest common factor of u and f.
1
Suppose 410*a + 5*n = 408*a + 39, 5*a - 112 = 2*n. Calculate the highest common divisor of 1826 and a.
22
Let w(g) = g**3 - 22*g**2 + 26*g - 39. Let b be w(21). Suppose 4*a + b = -3*h + 5*h, 2*a = -5*h + 105. What is the highest common divisor of 23 and h?
23
Let m be -2 + (-46 - 2)/(-2). Let l(d) = -d**3 + 18*d**2 - 12*d - 298. Let s be l(16). What is the highest common divisor of m and s?
22
Let r(j) = 2*j**2 + 64*j + 77. Let p be r(-31). What is the highest common divisor of 19335 and p?
15
Let a = 43 - 34. Suppose 6*y - 33 = 3. Let c be 21/((-3)/(-6)*4/y). Calculate the highest common divisor of a and c.
9
Let k = 289 + -281. Suppose -k*f - 14 = -1166. What is the highest common divisor of 36 and f?
36
Let f be (7/2 - 2)*(-1074)/(-9). Suppose 0 = -3*s - f - 217. Let x be (-884)/(-22) + 24/s. Calculate the greatest common factor of x and 5.
5
Suppose 300 = 4*v + 3*u + u, -2*u - 78 = -v. Let b be (-1 - (1 - -2)) + 1444/v. Suppose 23 = 2*s + 3. What is the highest common factor of b and s?
5
Let n = 8712 + -7000. What is the greatest common divisor of 16 and n?
16
Let i = -18 - -47. Suppose 2*l + 10 = 4*r, -3*l - 15 = 5*r - 0*l. Suppose 13*t - 18*t + 1160 = r. Calculate the greatest common divisor of t and i.
29
Suppose -3*g + 5*q + 2238 = 0, q - 1498 = -4*g + 1440. What is the highest common divisor of 88 and g?
8
Let q(a) = 3*a**3 - 11*a**2 - a + 18. Let u be q(4). What is the greatest common divisor of 730 and u?
10
Let r(c) = c**3 + 7*c**2 + c. Let k be r(-5). Suppose 4*x = -x + l + 363, 4*l + 156 = 2*x. Let m = x - k. What is the greatest common factor of m and 45?
9
Suppose 2*y = -5*w + 913, 545 = 3*w + 861*y - 857*y. Calculate the highest common factor of w and 48.
3
Suppose 4*f - 909 = 79. Let b(n) = -n + f - 125 - 126. Let m be b(-18). Calculate the greatest common factor of 2 and m.
2
Let j be (2048/68 - -3) + (-126)/1071. Calculate the highest common divisor of 231 and j.
33
Let y be 6/(-8) - 5346/(-24). Suppose -i + 7*i = -y. Let j = i + 70. Calculate the greatest common factor of j and 11.
11
Suppose -3*u + 13146 = 6*g, g + 13153 = -u + 4*u. Calculate the highest common factor of 137 and u.
137
Suppose -4*i = 3*i - 56. Let y be -3 + 1 - (-2)/4*i. Suppose 0 = 3*v + y*v - 30. What is the highest common factor of 6 and v?
6
Let c = -2566 - -9601. Calculate the highest common factor of c and 7.
7
Suppose